e -3*(24/9)/(-2). Let c be (-2 - 1) + t - -2. Suppose w - 3 = -0*w, 0 = c*r - 2*w - 12. Is r composite?
True
Let d be (2/4)/(2/64). Suppose 5*r - d = 3*f, 3*f = -4*r - 4 + 33. Suppose x + f = 2, 3*x = -5*g + 382. Is g a composite number?
True
Suppose -b = 3*b. Suppose -6 - 6 = 3*u, b = 4*a - u - 12. Is 21*((4 - a) + -1) prime?
False
Let y = 19 + 112. Suppose 0*c + 3*c + 10 = -2*o, -20 = -5*c + 4*o. Suppose -w + j + y = 0, -3*w = -2*j - c*j - 396. Is w a prime number?
False
Let z = -14 - -18. Suppose -x = z*c - 0 + 16, -x = 3*c + 12. Is 934*-4*c/32 a prime number?
True
Let d(q) = -216*q**3 - q**2 + 7*q + 3. Let j be d(-3). Is (j/(-12))/(-5) + (-2)/(-8) a prime number?
True
Suppose -3*f = -3*d + 15 + 522, 2*d - 3*f - 360 = 0. Is d - -2*(-8)/(-4) composite?
False
Let u be (-4)/6 - 176/(-66). Suppose -i + u*x + 241 = -3*x, 2*x = 4. Is i composite?
False
Let z(m) be the first derivative of 40*m**3/3 - 4*m**2 + 5*m - 2. Is z(-4) composite?
False
Is 6474 - (6 + (-6)/6) a prime number?
True
Let h = 51119 - 25818. Is h prime?
True
Is (4/(-42)*85047)/((-142)/497) a composite number?
False
Suppose -42*v + 960461 = 31*v. Is v a prime number?
False
Let x(v) = 4*v**2 - 58*v + 87. Is x(-43) prime?
False
Suppose 4*b = 5*b + 6. Let z = 20 + b. Let d = 39 + z. Is d prime?
True
Suppose 0 = -2*p + 2*y + 6, -p - 29 = -6*p - 2*y. Suppose j + 0*j - 6 = -k, 3*j + 22 = p*k. Suppose k*c - 469 = 4*c. Is c a composite number?
True
Suppose -12 = -4*r, 0 = -3*u - 2*u + 2*r + 664. Is (u/(-6))/(0 - (-1)/(-6)) a composite number?
True
Suppose -5*y - 402 = -p, -7*y = 2*p - 2*y - 789. Is p a composite number?
False
Let n(h) = -280*h - 19. Is n(-6) a prime number?
False
Suppose -20 = -3*m + 6*z - z, 2*z = m - 8. Suppose -4*p + p + 11802 = m. Let s = p - 2723. Is s a prime number?
False
Let a = 13 + 0. Let v = a - 11. Suppose 158 = s + v*s + 4*j, 3*s = 3*j + 186. Is s composite?
True
Suppose -4*l + 0 = -5*h - 5, 0 = 4*h - 5*l + 4. Let x(c) = 151*c**2 - c + 5. Let t(f) = -f**2 + f - 1. Let p(a) = 4*t(a) + x(a). Is p(h) a prime number?
False
Suppose 3*i - 7 - 8 = 0. Suppose -2*o - 2*o + 1776 = -2*g, 5*g - 2250 = -i*o. Suppose 3*s = s + o. Is s a prime number?
True
Let o(d) = -d**3 - 2*d**2 - 2*d. Let r be o(-2). Let m(b) = 85 - 86 + b**2 - 2*b**2 + 9*b. Is m(r) a prime number?
True
Let k = -37 - -37. Suppose -4*v - 3*v + 7693 = k. Is v a composite number?
True
Let z(u) = 3*u**3 + 13*u**2 - u + 10. Let j be z(-9). Is -4*-1*j/(-20) composite?
False
Suppose 2*z + 8 = -4*g, 0*z + 2*z = -8. Suppose g = -4*t - 931 - 845. Let x = -89 - t. Is x prime?
False
Let m(w) = -w**2 + 6*w - 7. Let n be m(5). Let y be 2*(3/n - -2). Is 694/12 - y/(-6) prime?
False
Suppose -520 = -5*l + m + 15632, -2*l + 4*m + 6450 = 0. Suppose -2*h + l = h. Is h a prime number?
False
Suppose 0 = 57*q - 82*q + 1680275. Is q a prime number?
True
Let w(p) = -311*p - 3. Is w(-10) prime?
False
Let g = -6 - -11. Suppose -g*f + 745 = -0*f. Is f prime?
True
Let r(z) be the second derivative of 107*z**4/12 - z**3/2 + z**2 + 5*z. Let c be 1*(0 + -3 + 4). Is r(c) a composite number?
True
Suppose -3*h - 65 = -2*h + 2*r, 4*r = -5*h - 319. Let x be ((-72)/h)/(2/7). Suppose 10 = -5*m + 30, x*m - 53 = -i. Is i prime?
True
Let h = -327 + 57. Let l = 709 + h. Is l composite?
False
Let t = -15 - -19. Suppose 0 = 5*i + f - 3989, t*i - 6*i - 5*f + 1614 = 0. Is i composite?
False
Let h(y) = -73*y**3 + 11*y**2 + 86*y - 11. Is h(-8) composite?
True
Suppose -2*l + 4100 = -9258. Is l a prime number?
True
Let y be 6/(-5)*35/(-21). Suppose c - y*c + 5*l = -25, 3*c = -2*l - 10. Suppose c = i + 150 - 781. Is i composite?
False
Let p(y) = -3*y**2 + 4*y**2 + 3*y**2 - 7*y**3 - 3*y**2 - 1. Let m be p(1). Let b(q) = -q**3 - 2*q**2 + 9*q + 9. Is b(m) a prime number?
True
Let d = -92 - -102. Let r = d - -24. Is r composite?
True
Let p be 1/((-18)/42 + (-31)/(-56)). Let v = 845 + p. Is v a prime number?
True
Is 118939/13 - 4/26 a prime number?
False
Let c(k) = k**3 + 5*k**2 - k - 1. Let n be c(-5). Suppose -n*s = 3*s - 17983. Is s composite?
True
Let l(g) = 4*g + 6*g**2 - 6 + 1 + 39*g**2 - 3*g**2. Is l(4) prime?
True
Let w(q) = 627*q - 137. Is w(14) a prime number?
True
Let k be ((-10)/(-6))/(2/(-6)). Let j(d) = -3*d**3 - 3*d**2 + 7. Is j(k) a prime number?
True
Suppose -16*f + 5*f + 5489 = 0. Is f prime?
True
Suppose o - 6*o - 5*c = -3175, -5*o + 3205 = -5*c. Suppose 5*t + 3*p + p = 1066, -4*p = 3*t - o. Let v = 465 - t. Is v prime?
True
Let j(i) = -3*i**2 + 14*i - 4. Let r be j(4). Suppose -353 - 395 = -r*f. Is f composite?
True
Let a(y) be the second derivative of y**5/20 - 19*y**4/12 + 3*y**3/2 - 11*y**2 - 15*y. Is a(19) prime?
True
Let j(v) = -308*v + 167. Is j(-28) a prime number?
False
Let z(n) be the first derivative of -17*n**2/2 - 5*n + 6. Let w be z(-3). Let a = 256 + w. Is a composite?
True
Suppose -16*r + 24*r = 10536. Is r composite?
True
Let d be 3/2*-4*69. Let o be -6 + (5 - 6)*-887. Let i = d + o. Is i a prime number?
True
Let k be (-58)/145 - 5134/(-10). Suppose 1659 = 4*g - k. Is g prime?
False
Let r(z) = z**3 + 11*z**2 - 32*z - 25. Let x = 111 + -124. Is r(x) a composite number?
False
Let m(v) = 16*v**3 + 9*v**2 - 14*v - 5. Is m(6) composite?
False
Suppose -36*z = -28*z - 304. Let o(j) = j**3 - j + 5. Let v be o(0). Suppose v*x = 7 + z. Is x a prime number?
False
Suppose 0 = 12*q - 11*q - 1. Is (2*q)/(-8) + (-6678)/(-56) a prime number?
False
Suppose 6*n - 2761 = 2957. Is n composite?
False
Let s be 9/(108/32)*-3. Let o(p) = 30*p**2 + 11*p + 5. Is o(s) a composite number?
True
Is -3*((-148880)/48 + (1 - 3)) a prime number?
True
Suppose 3*o - 5*s - 173581 = 0, -12718 - 45169 = -o - 5*s. Is o a prime number?
False
Let l = -1751 - -2925. Is l a prime number?
False
Let h(v) = 5*v + 42. Let q be h(-8). Let k(d) = 3*d - 2. Let x be k(-6). Is 10/x - (-319)/q a prime number?
False
Is (((-151425)/(-10))/(-15))/((-3)/26) prime?
False
Suppose -4*z - 4*b = 8, -3*z + 13 = -4*b + 5. Let a(t) = 2*t + 3110. Let o be a(z). Let u = -1825 + o. Is u composite?
True
Let s = 37 - 22. Let m(k) = -4*k + 10. Let i be m(s). Let n = i - -307. Is n a prime number?
True
Suppose 3*p - 16*h - 10170 = -19*h, -5*p - h + 16946 = 0. Is p prime?
True
Suppose 0 = -210*v + 217*v - 21287. Is v prime?
True
Suppose -5*v = -4*h + 6672, h - 3*h + 3*v + 3334 = 0. Suppose 879 = 8*t - h. Is t a composite number?
True
Let b(x) = 4*x**2 + 10*x + 113. Is b(-9) a prime number?
True
Suppose -l + 713 = -7226. Is l composite?
True
Let k(r) = -r**3 + 6*r**2 + 2*r. Let h be 2 + (-1)/((-3)/(-6)). Suppose -j = -3*b - 12, b - 12 = -5*j - h*b. Is k(j) a prime number?
False
Let p(s) = 113*s**2 - 5*s + 6. Let g be p(3). Let x = -707 + g. Is x composite?
True
Suppose l = 3*w + 105719, -5*l - 105687 = -6*l - 5*w. Is l composite?
True
Suppose -h = -2*s - 15, s + 4*h + 3 = -0*s. Let f = s + 8. Is 2 - (-3 - (f - -155)) prime?
False
Let s(k) = -k**3 + k**2 - k - 1. Let n(a) = -5*a**3 + 15*a**2 - 9*a + 11. Let t(q) = n(q) - 4*s(q). Is t(8) a composite number?
False
Let s(l) be the first derivative of l**4/4 + 2*l**3 - l**2 + 3*l + 3. Let k be s(-5). Is k*1*63/18 a prime number?
False
Suppose 13*y - 2 = 12*y. Let m(w) = 107*w**3 + 3*w**2 - 3. Is m(y) a prime number?
False
Is (-18 + 6)/(-6) - -21953 composite?
True
Let b(g) = 166*g**2 + 14*g - 529. Is b(18) a prime number?
True
Let t = 20 + -27. Let b be (-5 + 4)*(t - -2). Suppose b*n + 4*u - 1051 = 0, 5*n + 7*u - 1050 = 2*u. Is n a prime number?
True
Suppose -3*f + 1477 = -4*d, -2*f = 2*d + 3*d - 954. Is f prime?
True
Let h = -13 + 15. Let s(v) = h*v + 191 + v - 2*v. Is s(0) prime?
True
Suppose 792 = -9*p - 1332. Let l = p - -1143. Is l prime?
True
Suppose -5370 + 342274 = 8*v. Is v a prime number?
False
Suppose -3*c - 4*l - 32 = 0, -l + 16 = -c + 3*l. Suppose -41 + 209 = q - 3*u, u + 3 = 0. Is q/c*1*-4 prime?
True
Let u be (-47)/(-3) - (-2)/(-3). Suppose 4*k = -3*b - k + 25, 3*k - u = 2*b. Suppose -i + 7 + 156 = b. Is i composite?
False
Suppose -5*a - 4*l + 9009 = 0, 6453 + 753 = 4*a + 2*l. Is a composite?
False
Let p be -12*10/(-15) - -5. Suppose -6*y = -y + 5*x - 80, -x = 5*y - 96. Suppose p + y = w. Is w composite?
True
Let c(m) = 179*m**2 + 5*m + 7. Is c(3) prime?
False
Is (14/7 + -1)*3607 composite?
False
Let x(j) = 30*j**2 + 38*j - 39. Is x